he ten thousands digit of 801551?
0
What is the tens digit of 519226?
2
What is the hundred thousands digit of 169969?
1
What is the ten millions digit of 32033731?
3
What is the units digit of 4618?
8
What is the units digit of 254272?
2
What is the tens digit of 124439?
3
What is the hundreds digit of 1740141?
1
What is the hundred thousands digit of 1603836?
6
What is the millions digit of 20934839?
0
What is the units digit of 449471?
1
What is the millions digit of 6339708?
6
What is the millions digit of 9857026?
9
What is the ten thousands digit of 30451302?
5
What is the ten thousands digit of 20396?
2
What is the hundreds digit of 395518?
5
What is the millions digit of 1141556?
1
What is the units digit of 4109179?
9
What is the units digit of 160522?
2
What is the hundreds digit of 10027?
0
What is the tens digit of 482320?
2
What is the thousands digit of 286945?
6
What is the thousands digit of 610065?
0
What is the units digit of 20885440?
0
What is the ten thousands digit of 206359?
0
What is the tens digit of 252682?
8
What is the hundred thousands digit of 2917333?
9
What is the hundreds digit of 4712406?
4
What is the thousands digit of 143202?
3
What is the millions digit of 2583233?
2
What is the hundred thousands digit of 202444?
2
What is the ten thousands digit of 3699308?
9
What is the units digit of 235391?
1
What is the units digit of 5464904?
4
What is the millions digit of 1079293?
1
What is the ten millions digit of 34146064?
3
What is the ten thousands digit of 89607?
8
What is the ten thousands digit of 10190013?
9
What is the ten thousands digit of 236403?
3
What is the thousands digit of 1296928?
6
What is the hundreds digit of 3514879?
8
What is the tens digit of 3459634?
3
What is the ten thousands digit of 484042?
8
What is the tens digit of 536797?
9
What is the hundreds digit of 2188541?
5
What is the thousands digit of 15994596?
4
What is the units digit of 1558990?
0
What is the ten thousands digit of 427701?
2
What is the tens digit of 2617502?
0
What is the units digit of 2192830?
0
What is the units digit of 2843316?
6
What is the hundreds digit of 5965505?
5
What is the units digit of 542855?
5
What is the units digit of 89877?
7
What is the hundred thousands digit of 363826?
3
What is the tens digit of 18473722?
2
What is the ten thousands digit of 8001743?
0
What is the ten thousands digit of 617836?
1
What is the tens digit of 4565028?
2
What is the ten thousands digit of 1457649?
5
What is the hundred thousands digit of 8917396?
9
What is the millions digit of 35122374?
5
What is the tens digit of 2875849?
4
What is the hundreds digit of 113952?
9
What is the tens digit of 493851?
5
What is the tens digit of 16289241?
4
What is the thousands digit of 2738721?
8
What is the ten thousands digit of 336681?
3
What is the units digit of 611369?
9
What is the ten thousands digit of 594391?
9
What is the tens digit of 358969?
6
What is the hundred thousands digit of 11859510?
8
What is the ten thousands digit of 1388556?
8
What is the hundred thousands digit of 152843?
1
What is the units digit of 3963992?
2
What is the ten thousands digit of 80318?
8
What is the ten thousands digit of 67007?
6
What is the hundreds digit of 14365?
3
What is the ten thousands digit of 1667629?
6
What is the ten thousands digit of 5368216?
6
What is the thousands digit of 2439980?
9
What is the ten thousands digit of 2987566?
8
What is the thousands digit of 578780?
8
What is the units digit of 576568?
8
What is the hundreds digit of 346205?
2
What is the hundreds digit of 15188?
1
What is the ten thousands digit of 634175?
3
What is the thousands digit of 7875290?
5
What is the units digit of 386426?
6
What is the units digit of 4618135?
5
What is the millions digit of 8631296?
8
What is the hundred thousands digit of 15896525?
8
What is the thousands digit of 6907774?
7
What is the tens digit of 33332256?
5
What is the millions digit of 2341615?
2
What is the hundreds digit of 24259737?
7
What is the hundred thousands digit of 8173036?
1
What is the units digit of 422993?
3
What is the tens digit of 2394126?
2
What is the thousands digit of 39034?
9
What is the hundred thousands digit of 986648?
9
What is the thousands digit of 216093?
6
What is the hundreds digit of 2185035?
0
What is the hundreds digit of 14787250?
2
What is the thousands digit of 291645?
1
What is the ten thousands digit of 1033096?
3
What is the ten millions digit of 10871461?
1
What is the millions digit of 28498688?
8
What is the hundreds digit of 1918449?
4
What is the tens digit of 371127?
2
What is the ten thousands digit of 14884661?
8
What is the thousands digit of 1011965?
1
What is the ten thousands digit of 724455?
2
What is the thousands digit of 57128?
7
What is the millions digit of 5743038?
5
What is the ten thousands digit of 826316?
2
What is the ten thousands digit of 2800542?
0
What is the units digit of 2854508?
8
What is the ten thousands digit of 2431187?
3
What is the tens digit of 85768?
6
What is the tens digit of 74186?
8
What is the tens digit of 6466330?
3
What is the thousands digit of 710898?
0
What is the hundreds digit of 2187561?
5
What is the hundreds digit of 14243017?
0
What is the thousands digit of 2403159?
3
What is the hundreds digit of 279990?
9
What is the hundreds digit of 139703?
7
What is the hundreds digit of 24590583?
5
What is the hundreds digit of 2215282?
2
What is the thousands digit of 3428758?
8
What is the tens digit of 22440?
4
What is the units digit of 3205160?
0
What is the ten thousands digit of 1851660?
5
What is the units digit of 29374996?
6
What is the hundreds digit of 208133?
1
What is the tens digit of 1283631?
3
What is the hundreds digit of 25974?
9
What is the hundred thousands digit of 1086283?
0
What is the thousands digit of 43701?
3
What is the hundred thousands digit of 1726814?
7
What is the units digit of 238186?
6
What is the thousands digit of 12691054?
1
What is the tens digit of 225072?
7
What is the hundred thousands digit of 307919?
3
What is the hundreds digit of 88447?
4
What is the millions digit of 3797862?
3
What is the ten thousands digit of 1462231?
6
What is the thousands digit of 335494?
5
What is the millions digit of 5007400?
5
What is the units digit of 3181713?
3
What is the tens digit of 630269?
6
What is the ten thousands digit of 1336577?
3
What is the hundreds digit of 46466?
4
What is the hundred thousands digit of 587747?
5
What is the ten thousands digit of 1004953?
0
What is the tens digit of 859321?
2
What is the hundreds digit of 169958?
9
What is the units digit of 72239?
9
What is the thousands digit of 598688?
8
What is the hundreds digit of 80393?
3
What is the hundreds digit of 390746?
7
What is the millions digit of 8238016?
8
What is the hundreds digit of 927591?
5
What is the millions digit of 1737924?
1
What is the tens digit of 7811394?
9
What is the hundred thousands digit of 1769236?
7
What is the tens digit of 23075?
7
What is the thousands digit of 36301135?
1
What is the thousands digit of 3652850?
2
What is the thousands digit of 99099?
9
What is the hundreds digit of 2453165?
1
What is the units digit of 697350?
0
What is the thousands digit of 5030034?
0
What is the ten thousands digit of 2057859?
5
What is the thousands digit of 840876?
0
What is the hundred thousands digit of 3026383?
0
What is the hundreds digit of 116807?
8
What is the ten thousands digit of 3035927?
3
What is the units digit of 621868?
8
What is the hundreds digit of 405092?
0
What is the ten thousands digit of 10528?
1
What is the units digit of 7952404?
4
What is the hundreds digit of 223587?
5
What is the thousands digit of 4552077?
2
What is the thousands digit of 481212?
1
What is the hundred thousands digit of 1664853?
6
What is the ten thousands digit of 70619?
7
What is the hundred thousands digit of 385718?
3
What is the hundreds digit of 8136766?
7
What is the tens digit of 634106?
0
What is the thousands digit of 681847?
1
What is the tens digit of 609131?
3
What is the thousands digit of 836543?
6
What is the units digit of 3535034?
4
What is the units digit of 1463688?
8
What is the ten thousands digit of 190517?
9
What is the ten thousands